f 1440671?
1
What is the hundred thousands digit of 890440?
8
What is the ten thousands digit of 18068779?
6
What is the ten thousands digit of 8133880?
3
What is the hundred thousands digit of 1491582?
4
What is the units digit of 10256854?
4
What is the ten thousands digit of 231795?
3
What is the hundreds digit of 5984692?
6
What is the ten thousands digit of 38145381?
4
What is the tens digit of 5155045?
4
What is the ten millions digit of 24825396?
2
What is the ten thousands digit of 1935463?
3
What is the hundreds digit of 60276?
2
What is the units digit of 402014?
4
What is the millions digit of 3762537?
3
What is the ten thousands digit of 265217?
6
What is the thousands digit of 1698916?
8
What is the units digit of 107417?
7
What is the units digit of 5107724?
4
What is the units digit of 156447?
7
What is the tens digit of 28634100?
0
What is the hundred thousands digit of 342890?
3
What is the hundred thousands digit of 1615779?
6
What is the hundreds digit of 1906218?
2
What is the hundred thousands digit of 928654?
9
What is the units digit of 156660?
0
What is the tens digit of 2757389?
8
What is the tens digit of 13452661?
6
What is the ten thousands digit of 6489555?
8
What is the hundred thousands digit of 14096239?
0
What is the hundred thousands digit of 752760?
7
What is the millions digit of 2022918?
2
What is the hundreds digit of 1135613?
6
What is the hundred thousands digit of 1025599?
0
What is the units digit of 39892299?
9
What is the thousands digit of 1252082?
2
What is the hundreds digit of 9654?
6
What is the hundred thousands digit of 1076034?
0
What is the hundred thousands digit of 258233?
2
What is the ten thousands digit of 4542851?
4
What is the thousands digit of 1100975?
0
What is the ten thousands digit of 16127902?
2
What is the hundreds digit of 144900?
9
What is the units digit of 321147?
7
What is the hundreds digit of 2452991?
9
What is the tens digit of 209314?
1
What is the units digit of 9341276?
6
What is the units digit of 433748?
8
What is the millions digit of 3091400?
3
What is the ten millions digit of 17878086?
1
What is the units digit of 27782608?
8
What is the tens digit of 1018189?
8
What is the ten thousands digit of 1886654?
8
What is the ten millions digit of 12550956?
1
What is the thousands digit of 409928?
9
What is the units digit of 878553?
3
What is the hundreds digit of 276379?
3
What is the hundreds digit of 2899501?
5
What is the ten thousands digit of 3050360?
5
What is the units digit of 2056237?
7
What is the tens digit of 418360?
6
What is the ten thousands digit of 301204?
0
What is the units digit of 1467899?
9
What is the thousands digit of 1778?
1
What is the hundred thousands digit of 297668?
2
What is the hundreds digit of 5165477?
4
What is the units digit of 1806499?
9
What is the tens digit of 8085025?
2
What is the tens digit of 2110739?
3
What is the thousands digit of 51009?
1
What is the units digit of 104640?
0
What is the ten thousands digit of 2213914?
1
What is the tens digit of 65598?
9
What is the hundred thousands digit of 398375?
3
What is the units digit of 2711358?
8
What is the hundred thousands digit of 739737?
7
What is the ten millions digit of 21084969?
2
What is the hundreds digit of 492656?
6
What is the hundreds digit of 8967595?
5
What is the hundreds digit of 667844?
8
What is the tens digit of 143946?
4
What is the tens digit of 284180?
8
What is the hundred thousands digit of 1659713?
6
What is the tens digit of 830815?
1
What is the units digit of 8607630?
0
What is the hundred thousands digit of 5942973?
9
What is the ten thousands digit of 1033722?
3
What is the thousands digit of 520448?
0
What is the thousands digit of 230763?
0
What is the ten thousands digit of 22739744?
3
What is the hundreds digit of 2689226?
2
What is the units digit of 4277858?
8
What is the ten thousands digit of 1484158?
8
What is the tens digit of 112722?
2
What is the ten thousands digit of 2275333?
7
What is the tens digit of 652925?
2
What is the units digit of 125960?
0
What is the tens digit of 3034466?
6
What is the units digit of 239509?
9
What is the thousands digit of 16048519?
8
What is the units digit of 25105851?
1
What is the ten thousands digit of 975741?
7
What is the ten thousands digit of 3339886?
3
What is the thousands digit of 6946189?
6
What is the units digit of 12972423?
3
What is the units digit of 746422?
2
What is the ten thousands digit of 117640?
1
What is the hundreds digit of 203250?
2
What is the tens digit of 4530368?
6
What is the hundreds digit of 258696?
6
What is the units digit of 2233105?
5
What is the tens digit of 52269?
6
What is the thousands digit of 223732?
3
What is the hundreds digit of 34918919?
9
What is the thousands digit of 1036135?
6
What is the ten thousands digit of 402753?
0
What is the ten thousands digit of 3267547?
6
What is the units digit of 14012509?
9
What is the tens digit of 147388?
8
What is the hundreds digit of 9714952?
9
What is the tens digit of 223493?
9
What is the hundreds digit of 2392875?
8
What is the hundreds digit of 27102800?
8
What is the units digit of 2265559?
9
What is the tens digit of 14881743?
4
What is the hundred thousands digit of 6705793?
7
What is the hundreds digit of 9858603?
6
What is the units digit of 2989988?
8
What is the millions digit of 1258377?
1
What is the units digit of 2519094?
4
What is the ten thousands digit of 1221485?
2
What is the units digit of 514227?
7
What is the tens digit of 3073367?
6
What is the ten thousands digit of 157232?
5
What is the hundreds digit of 2535755?
7
What is the units digit of 1172142?
2
What is the units digit of 3778254?
4
What is the hundreds digit of 293589?
5
What is the units digit of 4191770?
0
What is the hundred thousands digit of 7535382?
5
What is the hundred thousands digit of 22439811?
4
What is the ten thousands digit of 79368?
7
What is the thousands digit of 886836?
6
What is the ten thousands digit of 292978?
9
What is the ten thousands digit of 58708?
5
What is the thousands digit of 506078?
6
What is the hundreds digit of 434388?
3
What is the ten thousands digit of 446670?
4
What is the thousands digit of 412201?
2
What is the millions digit of 1297197?
1
What is the units digit of 13922819?
9
What is the hundreds digit of 366903?
9
What is the tens digit of 206818?
1
What is the millions digit of 3971356?
3
What is the hundred thousands digit of 588867?
5
What is the thousands digit of 4768713?
8
What is the thousands digit of 399817?
9
What is the thousands digit of 1746110?
6
What is the units digit of 272368?
8
What is the hundreds digit of 6308583?
5
What is the hundreds digit of 12461834?
8
What is the units digit of 51312?
2
What is the hundred thousands digit of 8659665?
6
What is the units digit of 2076222?
2
What is the thousands digit of 34064657?
4
What is the hundreds digit of 13138?
1
What is the ten thousands digit of 5728103?
2
What is the ten thousands digit of 948064?
4
What is the hundred thousands digit of 473847?
4
What is the tens digit of 1964274?
7
What is the units digit of 6689480?
0
What is the hundreds digit of 1479067?
0
What is the hundred thousands digit of 2579273?
5
What is the millions digit of 11619643?
1
What is the tens digit of 146898?
9
What is the units digit of 1391946?
6
What is the hundred thousands digit of 12198927?
1
What is the hundred thousands digit of 9988105?
9
What is the units digit of 56254?
4
What is the hundreds digit of 1067077?
0
What is the ten thousands digit of 2307117?
0
What is the hundreds digit of 1129592?
5
What is the units digit of 888319?
9
What is the ten thousands digit of 215132?
1
What is the tens digit of 94809?
0
What is the millions digit of 4115685?
4
What is the hundreds digit of 551778?
7
What is the ten thousands digit of 2932912?
3
What is the hundreds digit of 814081?
0
What is the tens digit of 532874?
7
What is the millions digit of 6896527?
6
What is the units digit of 138150?
0
What is the thousands digit of 422495?
2
What is the ten thousands digit of 73119?
7
What is the ten thousands digit of 326531?
2
What is the thousands digit of 9359825?
9
What is the units digit of 304278?
8
What is the ten thousands